, -4 = k. What is the tens digit of w?
0
What is the tens digit of -8 - (15 - 9364 - -17)?
2
Let n(r) = -r**3 + 8*r**2 - 6*r - 7. Let l be n(7). Suppose 74*a = 76*a - 8. Suppose l = a*c + 2*h - 4*h - 822, 3*h - 594 = -3*c. What is the tens digit of c?
0
Suppose 62*r - 9 = 59*r. Suppose 0 = -r*t + 125 + 91. Let d = 207 - t. What is the hundreds digit of d?
1
Suppose -4*x + 5 = 3*m, 12*m - 14*m = -3*x + 25. Suppose -x*t = 4*h - 5341, 2*t - 3*h = -0*h + 2118. What is the units digit of t?
5
Let o(v) be the first derivative of 314*v**3/3 + 6*v**2 - 3*v - 96. What is the units digit of o(2)?
7
Let b be 4/(-14) + 572/(-154) + 287. Suppose 8 + b = 3*h. What is the tens digit of h?
9
Let r(j) = -2*j**3 + 2*j**3 + j**2 + 4 + 2*j + 3*j**3. Suppose -848*v + 15 = -843*v. What is the tens digit of r(v)?
0
What is the hundreds digit of (71*(-20 - 6))/(41/(-1148))?
6
What is the units digit of (4 + (-40044)/(-4))*2*(-7)/(-70)?
3
Suppose 0 = 3*x - 4*r - 8154, -33*x - 3*r + 8154 = -30*x. What is the thousands digit of x?
2
Suppose -58*q + 1449817 = -1901399 + 342698. What is the tens digit of q?
7
Suppose -8*a + 24 = 4*a. Let c be (-33)/a*(-64)/6. What is the units digit of 1/(-5) + c/5?
5
What is the thousands digit of -9 + 2/(-12) + (-914680)/(-240)?
3
Let g = 12479 - 7323. What is the thousands digit of g?
5
Let l = 45 + -43. Suppose 3*u + m = 10, -3*u + 2 = l*u - 2*m. Suppose a - 72 = -3*d, u*a - 216 = -a + 3*d. What is the units digit of a?
2
Let m(a) = 4*a + 7. Let d be m(-3). Let v be 0 - (-5)/(d/6). What is the tens digit of 70/2 - (v + 5)?
3
Suppose g - 5*v - 3622 = 0, -3*v + 18560 = 5*g + 450. What is the tens digit of g?
2
Suppose -314 = -5*j - 149. What is the tens digit of ((-18)/j)/3 - (-25560)/99?
5
What is the tens digit of (-2)/((128/(-61168))/8)?
4
Let n(v) = 137*v + 1470. What is the units digit of n(60)?
0
Suppose 92023 = 9*f + 4*h, -66*h + 62*h = 20. What is the units digit of f?
7
Let c = -390 + 674. Suppose 2*s - c = 4*q, s + 288 = 3*s - 2*q. What is the hundreds digit of s?
1
Let m = 8263 + -5655. What is the tens digit of m?
0
Suppose -271*i - 5*d = -276*i + 3715, -3747 = -5*i - 3*d. What is the tens digit of i?
4
Let r(j) = 32*j**2 + 4*j - 60. What is the tens digit of r(6)?
1
Let o(i) = -i**3 - 10*i**2 + i + 9. Let l be o(-10). Let d(z) = -70*z + 8. What is the tens digit of d(l)?
7
Let f = 505 - 83. Let p = f + -75. What is the units digit of p?
7
Suppose -5*f + 2984 = 11074. What is the units digit of (-15)/10 + f/(-4) + -1?
2
Suppose 48*j - 46*j = -3*b + 1839, 0 = 4*b + 3*j - 2452. What is the tens digit of b?
1
Let b(n) = n**2 - 40*n + 111. Let i be b(37). What is the tens digit of (3 + (-6 - -4))*i - -636?
3
Let k(c) = 37352*c + 707. What is the hundreds digit of k(1)?
0
Suppose -u = 21*u - 110616. Suppose 474*l + u = 478*l. What is the thousands digit of l?
1
Let n = -160 + 164. Suppose 5*u + n*r = 1766, -5*u = -2*r - 12 - 1730. What is the units digit of u?
0
Suppose 2*c + 12*c - 56 = 0. What is the tens digit of 75/(-150) + (0 - (-398)/c)?
9
Let p(s) = 17*s - 24. Let g = -20 + 21. Let k be (56/5 - g) + 39/(-195). What is the hundreds digit of p(k)?
1
Suppose 4*i + 3*d = 31, d - 33 = -4*i - 4*d. Let y be (-2)/(-4)*-6 - -3. Suppose i*t = -y*t + 161. What is the tens digit of t?
2
Let z(u) = 16*u**2 + 103*u + 1571. What is the units digit of z(-17)?
4
Let h be (-36)/(-12) + (0 - 1). Let d be 6/4 - h/(-4). Suppose 0 = -d*x + 7*x - 310. What is the tens digit of x?
6
Let n(p) = -p**3 - 4*p**2 - 4*p + 58224. What is the hundreds digit of n(0)?
2
Suppose 0 = -0*w + w + 3*t + 12, 5*w - 5*t = -100. Let i(h) = 3*h**2 + 48*h - 15. What is the units digit of i(w)?
3
Let d be (-11)/88 - (-1319)/(-8). Suppose 3593 = -12*b - 1147. Let a = d - b. What is the tens digit of a?
3
Let i(n) = n**3 + n**2 + n + 32. Let u be i(0). Suppose b - 5*q - 20 = 0, -4*b + 148 + 1 = 3*q. Let d = b + u. What is the tens digit of d?
6
Suppose i = -f + 10 + 294, 0 = -f + i + 310. What is the hundreds digit of f*((-5 - -3) + (2 - -1))?
3
Suppose 43*l + 25*l - 415452 - 876548 = 0. What is the tens digit of l?
0
Let d(i) = i - 14. Let t be d(16). Let u(f) = -f**3 - 20*f**2 + 3. Let g be u(-20). Suppose -t*z + 4*z + n = 337, g*z - 505 = -2*n. What is the tens digit of z?
6
Let m(b) = -1062*b - 147. What is the hundreds digit of m(-6)?
2
Let p(z) = -29*z**3 - 2*z**2 - 8*z - 18. Suppose -67 = 6*h - 55. What is the units digit of p(h)?
2
Let d = 24798 - -1459. What is the units digit of d?
7
Suppose -1204 = -2*s - 3*u, 67*s - 70*s + 5*u = -1863. What is the hundreds digit of s?
6
Let i(h) = 2*h**2 + 2*h - 10. Let o be i(2). Suppose 0 = o*q + 29 - 21. What is the units digit of (-7)/(21/(-636)) - (0 - q)?
8
Suppose 0 = 4*k + 8 + 8. Let w be (k*3/(-6))/(10/20). Suppose w*m = 9*m - 1245. What is the units digit of m?
9
Let v(c) = 13*c**2 + 98*c - 9. Let n be v(-7). Let o be 96/10*(11 + -1). Let q = n + o. What is the units digit of q?
8
What is the units digit of (-51638)/(-16) + ((-180)/(-32) - 6)?
7
Let l(b) = b**2 + 4*b + 6. Let i be l(-4). Let t be (-214)/(-2) - i/(-6). Suppose t = 7*y - 46. What is the units digit of y?
2
Let v = 158 + -118. Suppose -20*l - 6140 = -v*l. What is the units digit of l?
7
Suppose 117566 = 4*l + s + 1576, -3*l = 5*s - 87018. What is the thousands digit of l?
8
Let l(x) = -x**2 + 11*x - 17. Let t be l(8). Suppose -24 = 9*m - t*m. Let d(k) = -17*k - 9. What is the hundreds digit of d(m)?
1
Let j be ((-1)/3 + 3)/(2/(-150)). Let k = j - -683. What is the tens digit of k?
8
Let g(o) = -51*o - 5432. What is the units digit of g(-124)?
2
Let r(l) = 4*l**2 + 2*l - 4. Let f be r(-3). Let b be (-3)/((-1)/(f + 2))*2. Let u = b - 106. What is the tens digit of u?
6
Let i(j) = -11*j**2 + 32*j + 162. Let m be i(-4). Suppose -4*y - t + 1153 + 73 = 0, 5*y = 2*t + 1539. Let d = y + m. What is the hundreds digit of d?
1
Suppose -2*s = o + 2*o + 3, -s + 1 = 2*o. Let h = s + 132. What is the tens digit of h?
2
Suppose 0 = -11*y + 7*y. Suppose 2*r - 131 + 35 = y. Suppose -3*v - 2*w = -149, -3*v + 4*v = -w + r. What is the units digit of v?
3
Let h(y) = -y**3 + 10*y**2 - 7*y - 16. Let z(j) = 6*j - 35. Let m be z(7). What is the units digit of h(m)?
2
Let p = 18 + 2680. What is the units digit of p?
8
Let y(m) = 41*m - 18. Let v be y(-6). Let a be 2/(-6)*v/(-8). Let t = 54 - a. What is the units digit of t?
5
Suppose 18*c - m = 14*c - 21, -3*m + 27 = -3*c. What is the tens digit of -6 - (-3 - -2303)/c?
6
Suppose 1510614 = -7933*v + 7971*v. What is the ten thousands digit of v?
3
Let o(f) = -854*f**3 + 3*f**2 + 6*f + 4. Let t = 20 - 21. What is the tens digit of o(t)?
5
Suppose 5*c - 9243 = -3*l, 8*c + 15405 = 5*l + 10*c. What is the hundreds digit of l?
0
Suppose o + 321 = -257. Let v = -354 - o. What is the hundreds digit of v?
2
Suppose 39*r + 6 = -228. Let a(f) = -f**3 - 9*f**2 - 4*f - 10. Let u(n) = n**2 - n. Let p(j) = a(j) + 3*u(j). What is the units digit of p(r)?
2
Let k be -2*(-8)/24 + 15/(-9). What is the tens digit of (3*2)/((-148)/(-144) + k)?
1
Suppose 0 = 2*a + 4*j - 3350, 2*a - 4*j - 3350 = -6*j. Let b = 2434 - a. What is the tens digit of b?
5
Suppose -2*s - 82 = -2*t, 3*t = 56*s - 58*s - 97. Let n = -21 - -29. Let l = n - s. What is the units digit of l?
2
Suppose u - 3*r = 140, -5*u + 172 = -r - 486. Let q = -223 + u. Let a = 132 + q. What is the tens digit of a?
4
Suppose 4*t + 124 = 1208. Suppose -r = t - 8. Let j = r + 378. What is the units digit of j?
5
Let s be (6 + 2 + -2)*(-58)/(-6). Let v = 31 - s. Let t(f) = f**3 + 27*f**2 + 67. What is the tens digit of t(v)?
6
Let p(o) = 22*o**2 - 67*o + 14. Let k be p(-11). Suppose 97 = 10*n - k. What is the units digit of n?
1
Let n = 50 - 40. Suppose -27*j = -n*j - 9061. What is the tens digit of j?
3
Let x = -1764 + 2354. What is the units digit of x?
0
Let c(t) be the first derivative of t**4/3 - 19*t**3/6 - 8*t**2 - 19. Let h(d) be the second derivative of c(d). What is the units digit of h(9)?
3
Let w = 30 + -13. Suppose 3095 = -w*l + 8535. What is the hundreds digit of l?
3
Let u be ((-13)/2 + 4)*-18. Let n(o) = -o**2 + o + 747. Let z be n(0). Suppose -42*b = -u*b + z. What is the tens digit of b?
4
Let u = 63668 + -35927. What is the tens digit of u?
4
Let c(b) be the first derivativ